 divisor of 55 and 875895?
5
What is the greatest common factor of 62605 and 127205?
95
What is the highest common divisor of 41 and 21530043?
41
Calculate the highest common factor of 46787780 and 110.
10
What is the highest common divisor of 1089 and 2114048475?
1089
What is the greatest common divisor of 12091383 and 369?
9
What is the highest common divisor of 12525 and 1118700?
75
Calculate the highest common factor of 14 and 870495290.
14
What is the highest common divisor of 74 and 213670486?
74
Calculate the greatest common factor of 33430372 and 8.
4
What is the greatest common divisor of 5474857 and 3?
1
Calculate the greatest common factor of 17997005 and 6665.
215
What is the greatest common divisor of 25177 and 5593?
17
Calculate the highest common divisor of 176541 and 9607659.
2127
What is the highest common divisor of 14967189 and 6102?
1017
What is the highest common divisor of 20370 and 15489930?
2910
What is the highest common factor of 2947881 and 17?
1
What is the greatest common divisor of 15127 and 2869808?
2161
What is the greatest common divisor of 109620 and 2520000?
1260
Calculate the highest common factor of 2854583 and 7132.
1783
Calculate the highest common divisor of 894558 and 882.
42
Calculate the highest common factor of 57447 and 10839807.
4419
Calculate the greatest common divisor of 1383929 and 1336.
167
Calculate the highest common divisor of 1272 and 33600.
24
Calculate the greatest common divisor of 1233 and 1993624.
137
What is the greatest common factor of 5916 and 2520564?
348
What is the highest common divisor of 378073722 and 1398?
1398
Calculate the greatest common factor of 950995 and 31365.
205
What is the highest common divisor of 573 and 585195?
3
What is the highest common factor of 15 and 81946465?
5
Calculate the greatest common divisor of 132608 and 7826.
14
What is the highest common divisor of 225 and 18874275?
75
Calculate the highest common factor of 140539819 and 5621.
511
What is the greatest common divisor of 391846 and 30254?
14
What is the greatest common factor of 2284108 and 2578260?
1772
What is the greatest common divisor of 495 and 42703155?
495
Calculate the greatest common divisor of 3139 and 29610187.
3139
What is the highest common factor of 50762 and 40970?
34
Calculate the greatest common factor of 1370124 and 420.
84
What is the greatest common factor of 627734 and 12889166?
4582
What is the greatest common divisor of 11040 and 23340?
60
What is the greatest common divisor of 222561 and 206523?
27
Calculate the highest common factor of 212673184 and 4472.
344
What is the greatest common divisor of 1002281 and 94451?
917
Calculate the highest common factor of 325902070 and 8840.
2210
Calculate the highest common factor of 2404 and 2562819058.
1202
What is the greatest common divisor of 152 and 4661528?
8
Calculate the highest common factor of 2868 and 7410984.
12
Calculate the highest common divisor of 48 and 354330608.
16
Calculate the greatest common factor of 105446677 and 9849.
3283
Calculate the greatest common divisor of 346779842 and 1336.
334
What is the greatest common divisor of 2457 and 2558192?
91
What is the greatest common factor of 100479 and 21?
3
What is the highest common divisor of 29868 and 893247?
57
What is the highest common factor of 9181761 and 69?
69
What is the greatest common factor of 948 and 30740559?
237
Calculate the highest common factor of 5183 and 1259611.
71
What is the highest common divisor of 1692752 and 19552?
752
Calculate the highest common factor of 78211140 and 7812.
2604
What is the highest common factor of 14 and 38002174?
14
Calculate the highest common factor of 53709545 and 1005.
335
What is the highest common factor of 426375084 and 4328?
2164
What is the highest common divisor of 342324 and 69?
3
What is the highest common factor of 16236 and 960548?
164
What is the greatest common divisor of 6752 and 26200714?
422
What is the highest common factor of 18590 and 662090?
1430
Calculate the greatest common factor of 30 and 1901304840.
30
What is the highest common divisor of 1482 and 185473041?
741
Calculate the highest common factor of 857165 and 8032.
251
Calculate the highest common factor of 3185 and 596250473.
637
Calculate the greatest common divisor of 574400 and 55040.
320
What is the highest common divisor of 33131212 and 45904?
11476
Calculate the greatest common factor of 1865909 and 40575.
541
Calculate the greatest common factor of 2044802323 and 89.
89
What is the highest common factor of 8450246 and 138?
46
Calculate the highest common divisor of 3285563 and 1369.
37
Calculate the highest common divisor of 10 and 28016040.
10
What is the greatest common factor of 135 and 3934953?
27
Calculate the highest common factor of 2539 and 1018872771.
2539
Calculate the greatest common factor of 37683261 and 29799.
693
What is the highest common divisor of 642 and 548819264?
214
Calculate the highest common factor of 1450323 and 126.
63
What is the highest common factor of 4450914 and 217971?
2691
Calculate the greatest common factor of 399 and 48509337.
57
Calculate the greatest common divisor of 40130 and 160022388.
8026
Calculate the highest common factor of 3 and 2001682.
1
Calculate the highest common divisor of 698564902 and 42.
14
Calculate the highest common factor of 14177277 and 18.
9
Calculate the greatest common divisor of 5004270 and 9.
9
What is the highest common divisor of 16025255 and 1030?
515
Calculate the highest common divisor of 13150489 and 836.
209
What is the highest common divisor of 24 and 39724557?
3
What is the greatest common divisor of 519408 and 60752?
16
Calculate the highest common factor of 308898 and 5986962.
2358
What is the highest common factor of 42432 and 76024?
1768
Calculate the highest common divisor of 71064 and 191948.
188
What is the greatest common factor of 26351013 and 8197?
1171
Calculate the greatest common factor of 191406 and 2603472.
438
Calculate the highest common factor of 1158684 and 324.
12
What is the greatest common factor of 2525 and 2935060?
505
What is the highest common divisor of 564 and 158922228?
564
Calculate the greatest common factor of 199382380 and 48260.
2540
What is the greatest common factor of 26901 and 25884?
9
Calculate the highest common factor of 129442 and 440786.
122
Calculate the highest common divisor of 1636952 and 1168.
584
Calculate the highest common factor of 33090 and 25770.
30
Calculate the greatest common divisor of 1296 and 1220672.
16
Calculate the greatest common factor of 54390 and 1890630.
210
Calculate the highest common divisor of 9032400 and 520.
520
Calculate the greatest common divisor of 24102 and 7425.
9
What is the highest common factor of 46755 and 5682291?
3117
What is the highest common factor of 18225 and 779301?
729
Calculate the greatest common factor of 148 and 2024334380.
148
What is the greatest common divisor of 21100 and 24525?
25
What is the highest common factor of 5689515 and 30?
15
Calculate the highest common divisor of 792 and 96884040.
264
What is the greatest common factor of 1339362 and 6?
6
What is the greatest common divisor of 155 and 505424?
31
What is the highest common divisor of 27512 and 7060267?
3439
Calculate the greatest common factor of 21188331 and 81.
27
What is the highest common factor of 32672856 and 912?
456
What is the greatest common divisor of 146 and 1036162?
146
Calculate the highest common divisor of 1338 and 2141246.
446
Calculate the highest common factor of 3174241 and 4376.
547
What is the greatest common factor of 567989 and 1153774?
1483
Calculate the highest common factor of 2184 and 8392176.
312
Calculate the greatest common divisor of 94611 and 92598.
2013
Calculate the greatest common factor of 72 and 7689762.
18
Calculate the greatest common divisor of 6680 and 33395992.
1336
Calculate the greatest common factor of 6864546 and 22.
2
What is the greatest common divisor of 188037 and 46971?
153
What is the highest common factor of 6385976 and 171?
19
Calculate the highest common divisor of 151452 and 1179.
9
What is the highest common divisor of 2107760 and 1360?
80
Calculate the greatest common factor of 2558 and 90809.
1279
What is the highest common divi